st common factor of 3326256 and 11504?
16
What is the greatest common factor of 265 and 161173?
53
Calculate the greatest common divisor of 196 and 18261684.
28
Calculate the highest common divisor of 4495785 and 27495.
705
Calculate the greatest common divisor of 433 and 39755029.
433
What is the highest common factor of 160505 and 71393?
47
Calculate the highest common factor of 291360 and 25920.
480
What is the highest common factor of 60705075 and 15?
15
What is the highest common factor of 73857032 and 296?
296
What is the greatest common divisor of 301 and 8645?
7
Calculate the greatest common divisor of 264238 and 16952.
26
What is the greatest common divisor of 2549404025 and 70?
35
What is the highest common factor of 1109460 and 19272?
132
Calculate the greatest common factor of 713482 and 1672.
22
What is the highest common divisor of 7087212 and 88?
44
Calculate the highest common divisor of 13807648 and 14880.
992
What is the highest common factor of 3038 and 409913?
217
Calculate the highest common divisor of 16704 and 4886848.
1856
What is the greatest common factor of 26494125 and 6000?
375
Calculate the highest common divisor of 465768 and 57560.
8
Calculate the highest common divisor of 21981314 and 19566.
2174
Calculate the greatest common divisor of 27454590 and 2030.
290
What is the greatest common divisor of 58756300 and 700?
100
What is the greatest common divisor of 4128586 and 24983?
581
What is the highest common divisor of 9712340 and 15502?
674
What is the greatest common divisor of 8855 and 1884146?
11
What is the greatest common factor of 13356531 and 1161?
387
Calculate the greatest common factor of 26509889 and 182.
7
What is the highest common factor of 165700 and 35400?
100
What is the highest common divisor of 53135664 and 384?
48
Calculate the greatest common factor of 9512 and 143492.
116
Calculate the greatest common divisor of 1272 and 69798138.
318
What is the highest common divisor of 137 and 225505151?
137
Calculate the greatest common factor of 48 and 22017648.
48
Calculate the highest common factor of 3006 and 39410163.
1503
Calculate the greatest common divisor of 1168 and 9647072.
16
Calculate the greatest common divisor of 2032888 and 28600.
1144
Calculate the highest common divisor of 10220 and 16938628.
2044
Calculate the greatest common divisor of 236684 and 2073232.
2996
What is the highest common divisor of 18044 and 1733612?
1388
What is the highest common divisor of 228 and 59372682?
114
What is the highest common factor of 1309416 and 40?
8
What is the greatest common divisor of 340 and 1301044?
68
Calculate the greatest common divisor of 1558 and 594732224.
1558
What is the greatest common factor of 20171706 and 150?
6
Calculate the highest common factor of 2506405 and 14527.
199
What is the greatest common divisor of 75719 and 6130628?
2611
Calculate the greatest common factor of 5654254 and 46914.
2234
Calculate the greatest common divisor of 461571385 and 55.
55
Calculate the highest common divisor of 44343 and 339.
3
What is the greatest common divisor of 5619690 and 369?
9
What is the greatest common divisor of 258 and 156174?
6
Calculate the highest common divisor of 3501 and 459468.
9
Calculate the greatest common factor of 47141321 and 97.
97
What is the greatest common factor of 35 and 120810?
5
Calculate the greatest common factor of 10241 and 429605295.
931
What is the highest common factor of 5490 and 22412376?
1098
What is the greatest common divisor of 16872 and 1249272?
24
What is the highest common factor of 127387 and 296348?
533
Calculate the highest common factor of 5836782 and 882.
294
Calculate the greatest common factor of 8840 and 338.
26
What is the highest common factor of 17635549 and 23?
23
What is the highest common divisor of 3630 and 8627190?
330
What is the highest common factor of 12173 and 5506144?
329
What is the highest common factor of 41535736 and 352?
88
Calculate the highest common factor of 18500 and 30530.
10
Calculate the highest common divisor of 171030 and 510.
30
Calculate the highest common factor of 1648634 and 130.
26
Calculate the greatest common factor of 902 and 15986597.
451
Calculate the highest common divisor of 716 and 1029948.
4
Calculate the highest common divisor of 217262535 and 4326.
2163
What is the greatest common divisor of 175279 and 569972?
1261
Calculate the greatest common divisor of 20930892 and 58776.
948
What is the greatest common factor of 3790647 and 63?
63
Calculate the greatest common factor of 617858596 and 716.
716
What is the highest common divisor of 20010145 and 464?
29
Calculate the highest common divisor of 104884 and 1716.
52
Calculate the highest common divisor of 521587 and 63943.
11
What is the highest common factor of 3089636 and 2530?
506
Calculate the highest common factor of 18 and 542206.
2
What is the greatest common factor of 1011 and 534540975?
1011
What is the greatest common factor of 414 and 75752352?
18
What is the greatest common divisor of 2 and 4208978?
2
Calculate the highest common factor of 170 and 2000866.
34
What is the greatest common divisor of 4082 and 15596066?
314
What is the highest common factor of 23474571 and 1018?
509
What is the highest common factor of 5884 and 75260773?
1471
Calculate the greatest common divisor of 6436016 and 5002.
82
Calculate the greatest common factor of 15642927 and 129.
129
What is the highest common divisor of 525 and 206758275?
75
What is the highest common factor of 830 and 1795330?
10
Calculate the highest common factor of 1626138 and 666.
18
Calculate the highest common divisor of 549 and 4497042.
183
What is the greatest common factor of 58609 and 2567234?
47
What is the highest common factor of 106197 and 9?
3
What is the highest common divisor of 477429 and 10965?
129
Calculate the greatest common factor of 33913 and 40689.
11
Calculate the greatest common factor of 459 and 12117303.
27
Calculate the greatest common factor of 3075792167 and 119.
119
Calculate the highest common divisor of 835 and 13806224.
167
What is the highest common factor of 79408 and 8736?
112
What is the greatest common factor of 3537 and 1562306?
131
Calculate the greatest common factor of 1559104 and 77248.
1088
What is the highest common factor of 6109724495 and 7105?
7105
Calculate the greatest common factor of 39993694 and 26.
26
What is the greatest common divisor of 23283624 and 1911?
1911
Calculate the highest common factor of 2519 and 1003707.
229
What is the greatest common factor of 628181 and 21257?
733
Calculate the greatest common divisor of 40 and 10412980.
20
What is the greatest common divisor of 879065 and 79255?
605
What is the highest common factor of 130 and 199118530?
130
Calculate the highest common divisor of 72887516 and 26.
26
Calculate the highest common divisor of 326585063 and 3598.
1799
What is the highest common divisor of 5418 and 4475898?
126
What is the greatest common divisor of 2180232 and 9905?
283
What is the highest common divisor of 394560 and 634560?
960
Calculate the greatest common divisor of 86919654 and 42.
6
Calculate the highest common factor of 1402076 and 286.
26
What is the greatest common divisor of 28008 and 4324392?
72
What is the greatest common divisor of 27480502 and 56?
14
What is the highest common divisor of 27 and 44519229?
9
Calculate the highest common factor of 35440 and 2930445.
2215
What is the highest common factor of 61198482 and 2802?
2802
What is the highest common factor of 1575772 and 110?
22
Calculate the highest common divisor of 185728 and 803854.
2902
What is the highest common factor of 484895180 and 2156?
2156
Calculate the highest common divisor of 76920 and 373080.
120
What is the highest common divisor of 20346 and 25554?
6
Calculate the highest common factor of 11078 and 70811722.
382
Calculate the highest common divisor of 1447729250 and 23.
23
What is the greatest common factor of 49241 and 12860308?
1201
Calculate the greatest common factor of 16604 and 32886.
14
What is the highest common factor of 92096 and 177106364?
5756
What is the highest common divisor of 2510 and 7021474?
502
What is the highest common factor of 117 and 128661?
39
Calculate the highest common factor of 271